the highest common divisor of 36 and 36?
36
Calculate the greatest common factor of 488 and 1192.
8
What is the highest common divisor of 3348 and 8246?
62
Calculate the greatest common divisor of 180 and 264690.
90
What is the greatest common factor of 2981 and 3?
1
What is the greatest common divisor of 4039 and 21?
7
Calculate the highest common factor of 36654 and 113538.
894
What is the highest common divisor of 165274 and 170?
34
Calculate the highest common divisor of 46 and 25231.
23
What is the highest common factor of 398041 and 1313?
101
What is the greatest common divisor of 12985765 and 1885?
1885
What is the highest common divisor of 18 and 929616?
6
What is the highest common divisor of 1178 and 757454?
1178
What is the highest common divisor of 9758 and 544?
34
Calculate the greatest common factor of 17652 and 72.
12
What is the highest common factor of 5497420 and 20?
20
What is the greatest common factor of 3386488 and 196?
196
Calculate the highest common factor of 1899 and 414.
9
What is the highest common divisor of 22 and 150634?
22
What is the greatest common factor of 10 and 691?
1
Calculate the greatest common divisor of 702 and 10348.
26
What is the highest common factor of 825 and 15550?
25
Calculate the highest common divisor of 29864 and 8.
8
What is the highest common factor of 48 and 23760?
48
Calculate the greatest common divisor of 464 and 212976.
464
What is the highest common factor of 455 and 3281915?
455
Calculate the greatest common factor of 868 and 73346.
434
What is the highest common divisor of 58429 and 238?
119
Calculate the highest common divisor of 12143 and 1.
1
Calculate the highest common divisor of 8 and 221048.
8
What is the highest common divisor of 6760 and 1280?
40
Calculate the greatest common divisor of 101074 and 582.
194
Calculate the greatest common divisor of 129038 and 52.
26
What is the greatest common divisor of 16905 and 38364?
69
What is the highest common divisor of 579835 and 178?
89
What is the highest common factor of 168226 and 16606?
722
Calculate the highest common divisor of 136 and 19332.
4
Calculate the greatest common divisor of 760110 and 3900.
390
Calculate the greatest common factor of 226674 and 294.
294
What is the greatest common divisor of 346385 and 65?
65
What is the highest common factor of 496 and 602?
2
What is the highest common divisor of 79650 and 269217?
1593
Calculate the highest common divisor of 804 and 7428.
12
Calculate the greatest common divisor of 56052 and 30.
6
What is the greatest common factor of 369925 and 225?
25
What is the greatest common divisor of 420 and 3003?
21
What is the highest common divisor of 2654410 and 2454?
818
Calculate the highest common divisor of 59 and 4453438.
59
What is the highest common divisor of 220 and 89980?
220
What is the highest common factor of 244 and 440?
4
What is the greatest common factor of 110 and 1722090?
10
Calculate the highest common factor of 120 and 28590.
30
Calculate the highest common factor of 8520 and 1846.
142
What is the greatest common factor of 80712 and 19?
19
What is the highest common factor of 116783 and 29?
29
Calculate the highest common factor of 49148 and 88.
44
What is the greatest common factor of 1048 and 3275?
131
Calculate the highest common factor of 3599 and 5917.
61
What is the highest common factor of 1639 and 501385?
149
What is the greatest common factor of 171 and 73701?
171
Calculate the highest common divisor of 3131 and 36208.
31
What is the greatest common divisor of 70587 and 72?
9
Calculate the highest common factor of 127402 and 22.
22
Calculate the highest common factor of 2 and 95900.
2
What is the highest common divisor of 203960 and 80?
40
What is the highest common factor of 208 and 1838096?
208
Calculate the greatest common divisor of 13 and 275873.
13
Calculate the greatest common factor of 132677 and 209.
19
What is the greatest common factor of 6 and 696417?
3
What is the greatest common divisor of 81915 and 215?
215
What is the highest common divisor of 417985 and 20?
5
Calculate the greatest common divisor of 28 and 363244.
28
Calculate the greatest common factor of 4180 and 6156.
76
Calculate the greatest common factor of 232 and 374448.
232
What is the greatest common divisor of 477087 and 507?
507
Calculate the greatest common divisor of 41265 and 630.
315
Calculate the greatest common divisor of 13845 and 2210.
65
Calculate the greatest common factor of 369 and 7216.
41
Calculate the highest common divisor of 86 and 429140.
86
What is the highest common factor of 50 and 4150450?
50
Calculate the greatest common factor of 20096 and 3140.
628
Calculate the highest common factor of 10439 and 29711.
803
What is the highest common factor of 126 and 147?
21
Calculate the greatest common factor of 891 and 10197.
99
What is the greatest common factor of 720 and 3897?
9
Calculate the highest common factor of 104313 and 1595.
319
What is the greatest common factor of 45 and 110952?
9
Calculate the highest common divisor of 676 and 21788.
52
What is the greatest common divisor of 254823 and 909?
303
What is the highest common divisor of 511 and 9125?
73
What is the highest common divisor of 11045 and 45?
5
Calculate the highest common divisor of 43724 and 68.
68
Calculate the highest common factor of 4503 and 1154269.
1501
Calculate the highest common factor of 5405 and 2990.
115
Calculate the highest common factor of 36 and 692.
4
What is the greatest common factor of 376774 and 124?
62
Calculate the greatest common factor of 59661 and 7.
7
What is the greatest common factor of 25450 and 650?
50
What is the greatest common divisor of 612 and 17136612?
612
What is the highest common divisor of 120 and 36690?
30
What is the greatest common factor of 265155 and 1815?
165
Calculate the greatest common divisor of 298242 and 13608.
1134
What is the greatest common divisor of 2792 and 117962?
698
Calculate the greatest common divisor of 1356916 and 88.
44
What is the highest common factor of 858 and 167882?
286
What is the greatest common divisor of 2793 and 441?
147
What is the greatest common factor of 2429824 and 96?
32
Calculate the greatest common divisor of 87 and 1762.
1
What is the highest common factor of 287540 and 220?
220
What is the greatest common factor of 10 and 8925450?
10
What is the greatest common divisor of 69960 and 264?
264
What is the highest common factor of 111 and 444?
111
What is the highest common factor of 1176 and 36106?
14
Calculate the highest common factor of 550 and 10934.
22
What is the highest common divisor of 108 and 2384892?
36
Calculate the highest common factor of 714 and 10542.
42
Calculate the highest common divisor of 91920 and 30.
30
Calculate the greatest common factor of 57232 and 336.
112
Calculate the highest common factor of 5391 and 75.
3
What is the highest common factor of 1439728 and 16?
16
Calculate the greatest common factor of 6606 and 1008.
18
What is the highest common divisor of 99 and 2343?
33
What is the highest common factor of 252010 and 5135?
395
What is the greatest common factor of 573835 and 3440?
215
What is the highest common factor of 18190 and 765?
85
Calculate the highest common factor of 363 and 34551.
33
What is the highest common factor of 1040 and 10805?
5
What is the greatest common factor of 42 and 3145926?
42
Calculate the greatest common factor of 1760 and 9295.
55
What is the highest common factor of 6 and 8306?
2
Calculate the highest common divisor of 7458 and 27852.
66
What is the greatest common divisor of 18 and 269604?
18
Calculate the highest common divisor of 3008 and 2303.
47
What is the highest common divisor of 805 and 21385?
35
What is the greatest common factor of 2591 and 2?
1
What is the highest common divisor of 964 and 140262?
482
What is the highest common divisor of 3839 and 264?
11
Calculate the greatest common factor of 188118 and 462.
42
What is the greatest common divisor of 14 and 747754?
14
Calculate the highest common divisor of 1460 and 1220.
20
Calculate the greatest common factor of 888 and 75147.
111
Calculate the greatest common divisor of 64190 and 11135.
655
What is the highest common divisor of 2698 and 114?
38
What is the highest common fac